58?
6
What is the hundreds digit of 8657?
6
What is the units digit of 41107?
7
What is the tens digit of 99312?
1
What is the units digit of 10601?
1
What is the thousands digit of 8555?
8
What is the hundreds digit of 10188?
1
What is the tens digit of 3861?
6
What is the hundreds digit of 4004?
0
What is the hundreds digit of 634?
6
What is the hundreds digit of 15528?
5
What is the hundreds digit of 23405?
4
What is the hundreds digit of 166164?
1
What is the tens digit of 940?
4
What is the tens digit of 32667?
6
What is the tens digit of 3174?
7
What is the units digit of 8706?
6
What is the tens digit of 684?
8
What is the units digit of 12537?
7
What is the tens digit of 412?
1
What is the hundreds digit of 1364?
3
What is the tens digit of 21079?
7
What is the ten thousands digit of 10384?
1
What is the hundreds digit of 7171?
1
What is the units digit of 4320?
0
What is the tens digit of 32852?
5
What is the thousands digit of 115153?
5
What is the hundreds digit of 4194?
1
What is the tens digit of 1411?
1
What is the hundreds digit of 3563?
5
What is the tens digit of 7218?
1
What is the thousands digit of 1761?
1
What is the hundreds digit of 998?
9
What is the thousands digit of 12122?
2
What is the tens digit of 2740?
4
What is the hundreds digit of 4423?
4
What is the units digit of 1613?
3
What is the hundreds digit of 8298?
2
What is the units digit of 8716?
6
What is the hundreds digit of 528?
5
What is the units digit of 1114?
4
What is the hundreds digit of 22630?
6
What is the hundreds digit of 1201?
2
What is the thousands digit of 61233?
1
What is the thousands digit of 19891?
9
What is the tens digit of 55563?
6
What is the units digit of 8766?
6
What is the tens digit of 3134?
3
What is the tens digit of 2527?
2
What is the ten thousands digit of 47756?
4
What is the thousands digit of 1069?
1
What is the thousands digit of 6658?
6
What is the tens digit of 8871?
7
What is the units digit of 3154?
4
What is the units digit of 917?
7
What is the tens digit of 15528?
2
What is the hundreds digit of 7424?
4
What is the tens digit of 55186?
8
What is the units digit of 10178?
8
What is the units digit of 2853?
3
What is the units digit of 809?
9
What is the tens digit of 176043?
4
What is the ten thousands digit of 34639?
3
What is the units digit of 84689?
9
What is the hundreds digit of 8246?
2
What is the tens digit of 1963?
6
What is the hundreds digit of 836?
8
What is the hundreds digit of 973?
9
What is the units digit of 44817?
7
What is the hundreds digit of 3058?
0
What is the thousands digit of 12943?
2
What is the thousands digit of 31786?
1
What is the tens digit of 1919?
1
What is the tens digit of 4956?
5
What is the tens digit of 14376?
7
What is the thousands digit of 17337?
7
What is the tens digit of 67?
6
What is the hundreds digit of 151?
1
What is the hundreds digit of 7885?
8
What is the thousands digit of 1136?
1
What is the units digit of 92053?
3
What is the ten thousands digit of 14460?
1
What is the units digit of 283?
3
What is the hundreds digit of 1925?
9
What is the tens digit of 8837?
3
What is the units digit of 5381?
1
What is the hundreds digit of 9173?
1
What is the tens digit of 105115?
1
What is the hundreds digit of 765?
7
What is the hundreds digit of 21721?
7
What is the hundreds digit of 29235?
2
What is the tens digit of 14115?
1
What is the hundreds digit of 1531?
5
What is the units digit of 683?
3
What is the thousands digit of 25277?
5
What is the units digit of 2?
2
What is the hundreds digit of 4390?
3
What is the thousands digit of 1290?
1
What is the tens digit of 5647?
4
What is the hundreds digit of 33242?
2
What is the ten thousands digit of 83783?
8
What is the units digit of 486?
6
What is the hundreds digit of 2119?
1
What is the hundreds digit of 16223?
2
What is the hundreds digit of 62381?
3
What is the tens digit of 2159?
5
What is the hundreds digit of 932?
9
What is the units digit of 109496?
6
What is the tens digit of 567?
6
What is the thousands digit of 2840?
2
What is the units digit of 173?
3
What is the hundreds digit of 24205?
2
What is the units digit of 1464?
4
What is the units digit of 680?
0
What is the hundreds digit of 56610?
6
What is the ten thousands digit of 18682?
1
What is the tens digit of 4587?
8
What is the hundreds digit of 236?
2
What is the units digit of 1295?
5
What is the ten thousands digit of 100949?
0
What is the hundreds digit of 8438?
4
What is the hundreds digit of 2563?
5
What is the thousands digit of 65786?
5
What is the units digit of 80704?
4
What is the units digit of 13079?
9
What is the hundreds digit of 16958?
9
What is the tens digit of 2939?
3
What is the tens digit of 39446?
4
What is the hundreds digit of 453?
4
What is the hundreds digit of 631?
6
What is the tens digit of 43640?
4
What is the hundreds digit of 403?
4
What is the units digit of 407?
7
What is the thousands digit of 42474?
2
What is the tens digit of 12087?
8
What is the ten thousands digit of 16124?
1
What is the units digit of 54?
4
What is the hundreds digit of 784?
7
What is the units digit of 53926?
6
What is the hundreds digit of 460?
4
What is the thousands digit of 8711?
8
What is the hundreds digit of 1806?
8
What is the hundreds digit of 46455?
4
What is the tens digit of 15141?
4
What is the units digit of 6963?
3
What is the ten thousands digit of 12802?
1
What is the thousands digit of 3448?
3
What is the hundreds digit of 10728?
7
What is the tens digit of 8900?
0
What is the tens digit of 10240?
4
What is the hundreds digit of 2435?
4
What is the tens digit of 92487?
8
What is the thousands digit of 23645?
3
What is the hundreds digit of 569?
5
What is the hundreds digit of 73702?
7
What is the tens digit of 1057?
5
What is the units digit of 1201?
1
What is the units digit of 487?
7
What is the units digit of 194?
4
What is the units digit of 60821?
1
What is the tens digit of 80629?
2
What is the thousands digit of 13928?
3
What is the hundreds digit of 79439?
4
What is the tens digit of 10355?
5
What is the tens digit of 50?
5
What is the ten thousands digit of 63805?
6
What is the tens digit of 350?
5
What is the thousands digit of 6819?
6
What is the thousands digit of 59900?
9
What is the thousands digit of 70930?
0
What is the units digit of 16016?
6
What is the thousands digit of 2314?
2
What is the thousands digit of 8561?
8
What is the hundreds digit of 443?
4
What is the tens digit of 5081?
8
What is the units digit of 4547?
7
What is the thousands digit of 71001?
1
What is the ten thousands digit of 109004?
0
What is the hundreds digit of 7323?
3
What is the thousands digit of 74473?
4
What is the hundreds digit of 1135?
1
What is the tens digit of 1545?
4
What is the hundreds digit of 8629?
6
What is the hundreds digit of 679?
6
What is the ten thousands digit of 89321?
8
What is the hundreds digit of 20914?
9
What is the units digit of 8241?
1
What is the units digit of 854?
4
What is the thousands digit of 72784?
2
What is the hundreds digit of 2801?
8
What is the hundreds digit of 5629?
6
What is the thousands digit of 1417?
1
What is the hundreds digit of 106826?
8
What is the thousands digit of 10476?
0
What is the hundreds digit of 1053?
0
What is the hundreds digit of 18396?
3
What is the tens digit of 612?
1
What is the tens digit of 3952?
5
What is the units digit of 37940?
0
What is the units digit of 656?
6
What is the hundreds digit of 15338?
3
What is the thousands digit of 162856?
2
What is the tens digit of 1349?
4
What is the thousands digit of 8178?
8
What is the units digit of 456?
6
What is the units digit of 3759?
9
What is the hundreds digit of 3170?
1
What is the hundreds digit of 81604?
6
What is the thousands digit of 1234?
1
What is the hundreds digit of 2406?
4
What is the units digit of 2520?
0
What is the tens digit of 117418?
1
What is the thousands digit of 29203?
9
What is the hundreds digit of 8292?
2
What is the hundreds digit of 590?
5
What is the units digit of 18787?
7
What is the ten thousands digit of 47534?
4
What is the tens digit of 1082?
8
What is the units digit of 113132?
2
What is the hundreds digit of 11720?
7
What is the ten thousands digit of 37309?
3
What is the t